80?
144
What is the remainder when 6192 is divided by 113?
90
Calculate the remainder when 93498 is divided by 31142.
72
Calculate the remainder when 39782 is divided by 173.
165
What is the remainder when 23509 is divided by 1475?
1384
Calculate the remainder when 1480459 is divided by 894.
889
What is the remainder when 8498 is divided by 293?
1
What is the remainder when 92714 is divided by 61?
55
Calculate the remainder when 734594 is divided by 385.
14
Calculate the remainder when 898154 is divided by 9.
8
Calculate the remainder when 114360 is divided by 1089.
15
Calculate the remainder when 59670 is divided by 29759.
152
Calculate the remainder when 3085 is divided by 66.
49
What is the remainder when 4640 is divided by 49?
34
What is the remainder when 55623 is divided by 2?
1
What is the remainder when 3549819 is divided by 1117?
1110
What is the remainder when 1668 is divided by 973?
695
Calculate the remainder when 27074 is divided by 26857.
217
What is the remainder when 8467 is divided by 9?
7
What is the remainder when 31905 is divided by 1137?
69
What is the remainder when 255480 is divided by 51092?
20
Calculate the remainder when 21236 is divided by 18.
14
What is the remainder when 221878 is divided by 60?
58
What is the remainder when 36473 is divided by 36442?
31
What is the remainder when 184922 is divided by 163?
80
What is the remainder when 744 is divided by 352?
40
Calculate the remainder when 2290883 is divided by 796.
791
What is the remainder when 2365071 is divided by 393?
390
Calculate the remainder when 5734 is divided by 96.
70
Calculate the remainder when 4016 is divided by 201.
197
What is the remainder when 171271 is divided by 60?
31
Calculate the remainder when 3180 is divided by 1587.
6
What is the remainder when 6342 is divided by 30?
12
Calculate the remainder when 58974 is divided by 38.
36
Calculate the remainder when 34451 is divided by 17163.
125
Calculate the remainder when 6404 is divided by 5.
4
What is the remainder when 285 is divided by 15?
0
What is the remainder when 2536 is divided by 312?
40
Calculate the remainder when 1129999 is divided by 250.
249
What is the remainder when 37413 is divided by 18677?
59
What is the remainder when 26122 is divided by 96?
10
Calculate the remainder when 306013 is divided by 2971.
0
What is the remainder when 1326643 is divided by 484?
483
Calculate the remainder when 608581 is divided by 26.
25
What is the remainder when 91985 is divided by 24?
17
What is the remainder when 12498 is divided by 149?
131
What is the remainder when 7375 is divided by 210?
25
Calculate the remainder when 10133 is divided by 294.
137
What is the remainder when 791412 is divided by 645?
642
What is the remainder when 23552 is divided by 3922?
20
What is the remainder when 1552 is divided by 111?
109
What is the remainder when 4980 is divided by 622?
4
Calculate the remainder when 35070 is divided by 59.
24
What is the remainder when 4543 is divided by 2257?
29
Calculate the remainder when 12046 is divided by 803.
1
Calculate the remainder when 123254 is divided by 61559.
136
What is the remainder when 5134 is divided by 8?
6
Calculate the remainder when 12529 is divided by 275.
154
What is the remainder when 26148 is divided by 4343?
90
Calculate the remainder when 15227 is divided by 544.
539
Calculate the remainder when 824293 is divided by 323.
320
Calculate the remainder when 25762 is divided by 12881.
0
Calculate the remainder when 4343 is divided by 244.
195
Calculate the remainder when 2816188 is divided by 9.
7
Calculate the remainder when 321357 is divided by 52.
49
Calculate the remainder when 559 is divided by 162.
73
What is the remainder when 13133 is divided by 53?
42
Calculate the remainder when 3753 is divided by 97.
67
What is the remainder when 18932 is divided by 994?
46
What is the remainder when 18198 is divided by 520?
518
Calculate the remainder when 325961 is divided by 4465.
16
Calculate the remainder when 33654 is divided by 2392.
166
What is the remainder when 7441508 is divided by 78?
74
What is the remainder when 5392 is divided by 1314?
136
Calculate the remainder when 48699 is divided by 920.
859
Calculate the remainder when 4093 is divided by 357.
166
Calculate the remainder when 6814 is divided by 2952.
910
What is the remainder when 3349 is divided by 29?
14
Calculate the remainder when 1008488 is divided by 11.
8
Calculate the remainder when 720716 is divided by 390.
386
Calculate the remainder when 46525 is divided by 612.
13
Calculate the remainder when 1034 is divided by 130.
124
Calculate the remainder when 60203 is divided by 115.
58
Calculate the remainder when 137294 is divided by 103.
98
What is the remainder when 4471 is divided by 184?
55
Calculate the remainder when 117344 is divided by 44.
40
Calculate the remainder when 295179 is divided by 98362.
93
What is the remainder when 5825 is divided by 8?
1
Calculate the remainder when 9990 is divided by 477.
450
Calculate the remainder when 65330 is divided by 21562.
644
What is the remainder when 8444 is divided by 8404?
40
Calculate the remainder when 6030 is divided by 602.
10
What is the remainder when 905 is divided by 234?
203
Calculate the remainder when 596991 is divided by 282.
279
Calculate the remainder when 20559 is divided by 10.
9
What is the remainder when 62713 is divided by 629?
442
What is the remainder when 108371 is divided by 265?
251
Calculate the remainder when 3693517 is divided by 40.
37
Calculate the remainder when 536 is divided by 61.
48
What is the remainder when 5302 is divided by 1284?
166
What is the remainder when 1755 is divided by 130?
65
Calculate the remainder when 1156 is divided by 127.
13
What is the remainder when 40058 is divided by 5005?
18
What is the remainder when 2457 is divided by 1039?
379
What is the remainder when 60629 is divided by 88?
85
Calculate the remainder when 9931 is divided by 94.
61
Calculate the remainder when 6502 is divided by 22.
12
Calculate the remainder when 6423 is divided by 2141.
0
Calculate the remainder when 4502 is divided by 554.
70
Calculate the remainder when 2760 is divided by 283.
213
What is the remainder when 124486 is divided by 31118?
14
Calculate the remainder when 38748 is divided by 31.
29
What is the remainder when 22645 is divided by 5656?
21
What is the remainder when 244395 is divided by 2242?
17
Calculate the remainder when 211576 is divided by 238.
232
Calculate the remainder when 10112734 is divided by 32.
30
What is the remainder when 4126 is divided by 42?
10
Calculate the remainder when 412632 is divided by 157.
36
Calculate the remainder when 947 is divided by 345.
257
Calculate the remainder when 23219 is divided by 2068.
471
Calculate the remainder when 1498 is divided by 219.
184
What is the remainder when 8289 is divided by 61?
54
What is the remainder when 27111 is divided by 69?
63
What is the remainder when 11849 is divided by 2953?
37
Calculate the remainder when 66054 is divided by 213.
24
What is the remainder when 63051 is divided by 186?
183
What is the remainder when 452653 is divided by 8?
5
What is the remainder when 5974 is divided by 124?
22
What is the remainder when 404 is divided by 181?
42
What is the remainder when 9855 is divided by 3274?
33
Calculate the remainder when 13129 is divided by 4320.
169
Calculate the remainder when 144754 is divided by 6287.
153
What is the remainder when 46359 is divided by 116?
75
What is the remainder when 2743 is divided by 653?
131
Calculate the remainder when 34944 is divided by 202.
200
Calculate the remainder when 2643 is divided by 1053.
537
What is the remainder when 3897917 is divided by 1299302?
11
What is the remainder when 40807 is divided by 19?
14
What is the remainder when 1961 is divided by 1958?
3
Calculate the remainder when 25936 is divided by 33.
31
What is the remainder when 2906 is divided by 2583?
323
Calculate the remainder when 312735 is divided by 38.
33
What is the remainder when 89073 is divided by 17812?
13
What is the remainder when 7430 is divided by 14?
10
What is the remainder when 32800 is divided by 1444?
1032
What is the remainder when 935127 is divided by 70?
67
What is the remainder when 4331 i